ase 12) in base 16?
-2ce1
Convert -cb77 (base 16) to base 6.
-1041051
-34ba (base 12) to base 14
-2218
22212111 (base 3) to base 5
201331
-22a9 (base 12) to base 3
-12022110
Convert -12a85 (base 15) to base 4.
-32211212
Convert -aa8 (base 14) to base 5.
-31413
-202121211 (base 3) to base 5
-440114
What is -10010000100 (base 2) in base 15?
-521
What is -10110101101110 (base 2) in base 15?
-36a5
What is -8746 (base 16) in base 12?
-1805a
Convert 1338 (base 10) to base 5.
20323
What is -11000010 (base 2) in base 7?
-365
What is 2040 (base 9) in base 4?
113112
What is -4704 (base 9) in base 12?
-2027
-1ca4 (base 13) to base 14
-1835
-1107 (base 8) to base 11
-490
What is 7616 (base 14) in base 8?
47664
Convert -6 (base 13) to base 12.
-6
-22204 (base 7) to base 6
-41514
-131332 (base 5) to base 12
-3029
63a (base 16) to base 10
1594
What is -1b9a (base 15) in base 2?
-1011101101011
-b (base 15) to base 10
-11
Convert 517 (base 12) to base 15.
344
-14032 (base 9) to base 12
-5602
33b (base 12) to base 7
1253
What is -21111012 (base 3) in base 6?
-41135
What is -10530 (base 6) in base 12?
-a46
-6041 (base 8) to base 12
-1969
Convert 3530 (base 14) to base 8.
22046
-110002 (base 3) to base 9
-402
Convert -22210 (base 3) to base 15.
-10c
Convert -4200 (base 5) to base 9.
-671
-1320 (base 9) to base 8
-1736
-10011001010 (base 2) to base 16
-4ca
Convert 3a16 (base 15) to base 10.
12396
What is -5301 (base 7) in base 2?
-11101000111
3a2 (base 14) to base 8
1332
-10250 (base 6) to base 14
-71c
What is 1319 (base 10) in base 13?
7a6
-2328 (base 10) to base 4
-210120
1199 (base 12) to base 15
8c9
What is -742 (base 10) in base 11?
-615
What is 134042 (base 7) in base 3?
1021212012
-315 (base 10) to base 3
-102200
12112200 (base 4) to base 16
65a0
Convert -eb (base 16) to base 3.
-22201
What is -6210 (base 7) in base 3?
-2222010
Convert -22505 (base 8) to base 16.
-2545
What is 2133 (base 12) in base 3?
11222210
Convert 15244 (base 9) to base 4.
2202220
What is -1944 (base 16) in base 13?
-2c37
What is -1000110 (base 3) in base 12?
-519
What is -31603 (base 9) in base 15?
-62d6
-7760 (base 8) to base 12
-2440
Convert 34812 (base 10) to base 2.
1000011111111100
10000100010011 (base 2) to base 11
63a8
What is 5110 (base 6) in base 8?
2142
What is -622e (base 16) in base 14?
-9234
What is 4673 (base 8) in base 15?
b11
-162442 (base 8) to base 2
-1110010100100010
What is -3406 (base 10) in base 13?
-1720
Convert 91c0 (base 13) to base 11.
14111
125530 (base 6) to base 15
36b6
Convert 872a (base 15) to base 13.
10042
Convert -520 (base 10) to base 9.
-637
-30c (base 15) to base 6
-3103
What is 3173 (base 9) in base 3?
10012110
What is 11121 (base 8) in base 11?
3583
777 (base 8) to base 4
13333
-1d65 (base 14) to base 16
-1505
What is 20020120 (base 4) in base 16?
8218
What is -5a90 (base 12) in base 13?
-4839
-1555 (base 6) to base 13
-272
-4391 (base 12) to base 10
-7453
Convert -6253 (base 8) to base 3.
-11110010
Convert 314 (base 6) to base 4.
1312
What is -122140 (base 5) in base 4?
-1020332
What is -10003231 (base 4) in base 12?
-9751
Convert -2067 (base 8) to base 12.
-75b
What is dc1 (base 14) in base 13?
1310
-10111011 (base 2) to base 10
-187
-6000 (base 7) to base 9
-2736
What is 11142 (base 5) in base 12?
565
313030 (base 5) to base 11
7896
What is -128ca (base 13) in base 4?
-20122221
What is 120c (base 15) in base 13?
1992
-100413 (base 5) to base 15
-e58
Convert -10101001101 (base 2) to base 13.
-805
What is -11111101101101 (base 2) in base 8?
-37555
What is 14240 (base 6) in base 5?
33011
Convert a87 (base 12) to base 13.
919
What is 725 (base 9) in base 11?
497
Convert -5b0 (base 16) to base 5.
-21311
-1110010011100 (base 2) to base 3
-101001021
521 (base 13) to base 14
464
What is -330340 (base 5) in base 6?
-124305
-3341 (base 16) to base 7
-53153
20132 (base 4) to base 7
1403
What is -12102 (base 4) in base 9?
-486
Convert -614 (base 9) to base 4.
-13303
Convert 21211202 (base 3) to base 12.
3385
What is -11010000011 (base 2) in base 3?
-2021202
Convert -1341 (base 5) to base 14.
-11b
2120 (base 7) to base 14
3b7
19c5 (base 14) to base 10
4681
What is 1725 (base 9) in base 15?
5ce
-3942 (base 12) to base 9
-8855
What is -71bb (base 14) in base 3?
-222211210
Convert 30 (base 8) to base 7.
33
What is 1204402 (base 5) in base 16?
57cd
What is -13322 (base 4) in base 12?
-362
Convert 218 (base 15) to base 14.
25b
Convert -622d (base 14) to base 12.
-9941
What is -9437 (base 10) in base 6?
-111405
2230100 (base 4) to base 5
323044
-310224 (base 5) to base 13
-4772
What is 3132123 (base 4) in base 16?
379b
What is -2474 (base 13) in base 5?
-131130
Convert b86a (base 13) to base 4.
12100013
-414422 (base 5) to base 4
-3112221
What is -101112 (base 3) in base 8?
-434
What is 5456 (base 13) in base 14?
43c0
320 (base 14) to base 15
2b1
Convert -11110011010011 (base 2) to base 16.
-3cd3
-b81 (base 14) to base 3
-10010001
Convert -2154 (base 6) to base 15.
-237
6662 (base 7) to base 5
34041
-16a (base 11) to base 9
-238
-5593 (base 11) to base 6
-54030
What is -1225 (base 7) in base 3?
-122001
What is -2773 (base 11) in base 16?
-e05
What is 4ba (base 14) in base 2?
1110110100
-411250 (base 6) to base 12
-16b26
Convert -1233 (base 6) to base 12.
-219
What is 2032 (base 5) in base 16?
10b
What is 100101001000010 (base 2) in base 13?
8864
What is 21323211 (base 4) in base 11?
2861a
-12b3 (base 14) to base 6
-23125
What is -31317 (base 10) in base 2?
-111101001010101
-16b3 (base 16) to base 4
-1122303
9a (base 13) to base 5
1002
2247 (base 10) to base 6
14223
Convert -100212020 (base 3) to base 9.
-10766
Convert -1003a (base 12) to base 15.
-6257
Convert -20015 (base 6) to base 4.
-220223
Convert -797 (base 11) to base 9.
-1268
What is -1695c (base 13) in base 5?
-2341331
Convert 1433 (base 15) to base 11.
3280
Convert 6 (base 16) to base 13.
6
Convert 613 (base 12) to base 11.
72a
-221332 (base 6) to base 11
-12988
Convert 362 (base 11) to base 9.
528
-32021003 (base 4) to base 5
-3323143
What is -2336 (base 7) in base 2?
-1101011100
16775 (base 10) to base 14
6183
-18955 (base 10) to base 15
-593a
Convert -539 (base 11) to base 8.
-1207
What is -330 (base 16) in base 9?
-1106
6164 (base 9) to base 16
11a1
-100111110101001 (base 2) to base 11
-1435a
What is 1352 (base 10) in base 2?
10101001000
What is 13116 (base 11) in base 5?
1100042
What is 1225 (base 6) in base 5?
2210
Convert -10220112 (base 3) to base 8.
-5441
28a9a (base 12) to base 13
1cb55
What is -2201121 (base 3) in base 12?
-1197
Convert 1022 (base 3) to base 4.
203
Convert -121222 (base 3) to base 13.
-293
Convert -110021 (base 3) to base 10.
-331
Convert -17537 (base 8) to base 4.
-1331133
-12 (base 12) to base 8
-16
Convert -28a6 (base 11) to base 7.
-13631
1110111 (base 2) to base 6
315
What is 201 (base 4) in base 3?
1020
What is -262 (base 8) in base 13?
-109
Convert cb6 (base 13) to base 14.
b17
12212222 (base 3) to base 4
1003010
Convert 132 (base 6) to base 15.
3b
Convert 14081 (base 9) to base 10.
9550
Convert -1011010101111 (base 2) to base 16.
-16af
Convert 5683 (base 9) to base 2.
1000001101110
Convert -1231 (base 5) to base 10.
-191
Convert -221434 (base 6) to base 4.
-10201132
Convert 6377 (base 11) to base 12.
4a69
Convert 16c (base 14) to base 3.
101211
Convert 110111101 (base 2) to base 13.
283
What is -84 (base 13) in base 2?
-1101100
Convert -1333102 (base 4) to base 10.
-8146
What is -3067 (base 8) in base 3?
-2011221
Convert 2161 (base 7) to base 5.
11103
What is -13101 (base 4) in base 15?
-210
What is -c0 (base 13) in base 8?
-234
What is 100010000111 (base 2) in base 11?
1705
What is 3411 (base 5) in base 13?
2b0
-2206 (base 7) to base 15
-37a
Convert 21311 (base 4) to base 8.
1165
Convert -35701 (base 10) to base 6.
-433141
Convert 61 (base 7) to base 16.
2b
Convert 47 (base 14) to base 15.
43
8429 (base 10) to base 9
12505
Convert -677 (base 14) to base 16.
-501
Convert 4811 (base 14) to base 7.
51421
What is -1aef (base 16) in base 4?
-1223233
What is 266 (base 15) in base 6?
2310
11a0 (base 12) to base 9
2653
Convert -948 (base 11) to base 6.
-5141
Convert 1232 (base 6) to base 9.
372
84a (base 15) to base 2
11101001110
What is -706 (base 10) in base 3?
-2220